38*s**2 + 39*s + 14436. What is w(-369)?
45
Let j(x) = 238*x**2 - 37132*x + 674. Determine j(156).
50
Let z(k) = 474*k - 19998. Determine z(43).
384
Let x(n) = 1923*n - 282722. Give x(147).
-41
Let z(y) = 48*y + 639. Determine z(-12).
63
Let q(z) = z**3 - 680*z**2 - 5489*z - 10328. What is q(688)?
-8
Let f(v) = -426*v**3 + 33227*v**2 + 85*v - 536. Determine f(78).
10
Let h(u) = 14*u**3 - 5*u**2 + 14*u + 76. Determine h(-4).
-956
Let u(i) = -25155*i - 578363. Determine u(-23).
202
Let v(l) = l**2 - 38864*l + 194290. What is v(5)?
-5
Let l(y) = -y**2 + 1737*y + 22825. What is l(-13)?
75
Let l(z) = 4*z**2 - 209*z - 5659. Calculate l(72).
29
Let w(a) = -a**3 - 195*a**2 + 393*a - 256. What is w(-197)?
-59
Let i(o) = 24*o**3 + 722*o**2 + 39*o - 632. What is i(-30)?
-2
Let y(p) = 763*p + 4623. Calculate y(-6).
45
Let b(m) = -m**3 - 30*m**2 + 7514*m - 543. Calculate b(-103).
-28
Let x(v) = -165*v**2 + 1510*v - 224. What is x(9)?
1
Let q(f) = 3*f**2 + 482*f + 13640. Give q(-127).
813
Let q(x) = -2*x**3 - 43*x**2 - 993*x - 17068. Determine q(-19).
-6
Let l(i) = 87986*i - 175964. Calculate l(2).
8
Let j(m) = -267*m - 180. Determine j(-4).
888
Let w(c) = -1023952*c - 5119754. What is w(-5)?
6
Let q(r) = 3*r**2 - 33*r - 217. Calculate q(-9).
323
Let m(a) = 21501*a**2 + 3827180*a + 367. Calculate m(-178).
11
Let t(l) = -72*l**2 - 22464*l - 6. Give t(-312).
-6
Let s(t) = t**3 + t**2 + 3154*t + 1019. Determine s(0).
1019
Let p(a) = -2*a**3 + 194*a**2 - 1580*a - 91. Give p(9).
-55
Let r(j) = -2*j**3 + 14*j**2 + 156*j + 24. Calculate r(13).
24
Let t(b) = -b - 743. Calculate t(10).
-753
Let g(i) = -2*i**2 - 142*i - 1295. What is g(-44)?
1081
Let c(g) = g**3 + 25*g**2 - 57*g - 1888. What is c(-22)?
818
Let u(b) = -b**2 - 131*b + 29496. Determine u(119).
-254
Let w(h) = -256*h**2 + 258*h - 774. Calculate w(3).
-2304
Let o(n) = -n**3 + 334*n**2 - 6561*n - 3808. Give o(313).
-52
Let c(z) = -14*z**2 + 1956*z - 38497. Calculate c(116).
15
Let s(x) = 35*x**2 - 546*x + 4332. Give s(8).
2204
Let x(c) = 4338*c + 121514. Determine x(-28).
50
Let k(n) = 40990*n + 1147761. What is k(-28)?
41
Let t(s) = 4872*s - 3395789. What is t(697)?
-5
Let c(n) = n**3 + 74*n**2 - 216*n + 1358. Give c(-77).
203
Let u(g) = 2*g**3 - 77*g**2 - 34*g - 363. Determine u(39).
-168
Let g(l) = -5*l**2 - 753*l - 1359. Calculate g(-149).
-167
Let m(n) = 5*n**3 + 4272*n - 31. Determine m(0).
-31
Let a(k) = -k**3 - 7*k**2 - 7794*k - 38923. Give a(-5).
-3
Let u(x) = 2*x**3 - 31*x**2 - 1586*x + 27675. Calculate u(19).
68
Let j(w) = -7*w**2 + 367*w - 4687. Determine j(31).
-37
Let t(x) = 687*x - 913. Give t(1).
-226
Let i(k) = -1451*k + 581840. Calculate i(401).
-11
Let b(v) = 2*v**3 - 54*v**2 + 256*v + 35. Calculate b(5).
215
Let g(q) = 4*q**2 + 8*q + 95. What is g(-5)?
155
Let k(g) = -11595*g + 82102. Give k(7).
937
Let j(g) = 831*g - 67367. What is j(81)?
-56
Let r(n) = 2*n**3 - 33*n**2 - 60*n + 417. What is r(19)?
1082
Let k(h) = 9*h**3 + 57*h**2 + 232*h + 1889. Determine k(-7).
-29
Let t(y) = -5*y**2 - 13948*y + 55796. Determine t(4).
-76
Let d(g) = -g**2 + 355*g + 41204. Determine d(-92).
80
Let m(z) = 27600*z + 3532810. Give m(-128).
10
Let g(s) = -s**3 + 2307*s - 13692. Determine g(6).
-66
Let t(s) = 97407*s - 487561. Determine t(5).
-526
Let o(q) = 2572*q - 73189. Give o(29).
1399
Let r(h) = h**2 - 35478*h - 106437. Give r(-3).
6
Let b(l) = -7*l**2 + 9799*l - 351645. What is b(1363)?
9
Let g(k) = 1267*k - 7504. Calculate g(6).
98
Let b(p) = -2*p**2 + 384*p - 16900. What is b(68)?
-36
Let n(r) = 2*r**3 + 58*r**2 + 3430*r + 57947. Determine n(-19).
-3
Let d(t) = -2202*t + 74865. Calculate d(34).
-3
Let r(v) = -4*v**2 + 319*v - 4194. Calculate r(72).
-1962
Let h(t) = -t**2 - 56436*t + 564468. What is h(10)?
8
Let m(c) = -c**2 - c + 186. What is m(-10)?
96
Let f(t) = -155435*t - 310872. What is f(-2)?
-2
Let b(n) = 159*n**3 + 90*n**2 - 86*n - 3. Give b(1).
160
Let t(a) = 25*a**2 + 336*a + 1033. Determine t(-7).
-94
Let r(b) = -2731*b**2 + 193850*b + 3616. Determine r(71).
-5
Let u(q) = 4*q**3 - 104*q**2 - 222*q + 62. Give u(28).
118
Let o(i) = i**3 - 81*i**2 - 33*i - 3817. Calculate o(82).
201
Let z(r) = -6*r**3 + 14*r**2 - 73*r - 234. Calculate z(-3).
273
Let s(f) = -f**2 - 2966522*f + 8899564. Determine s(3).
-11
Let c(l) = 494459*l - 3461210. Determine c(7).
3
Let t(g) = -607267*g - 1821758. What is t(-3)?
43
Let u(y) = -y**3 + 22*y**2 - 74*y + 8. Calculate u(12).
560
Let t(v) = 5*v**3 + 86*v**2 + 67*v - 454. Determine t(-16).
10
Let r(y) = 132931*y - 266010. What is r(2)?
-148
Let u(h) = 2*h**3 - 178*h**2 + 1361*h - 157019. Give u(91).
-44
Let s(m) = m**3 - 41*m**2 - 23*m + 24. Determine s(8).
-2272
Let o(x) = 245*x + 1327. Determine o(-7).
-388
Let z(s) = 1242*s + 8740. What is z(-7)?
46
Let y(z) = -z**3 - 140*z**2 + 876*z - 52. Determine y(-146).
-52
Let h(x) = -x**3 + 29*x**2 - 28*x + 94. What is h(29)?
-718
Let o(u) = u**2 - 2150*u + 15005. Determine o(7).
4
Let z(a) = -261*a**2 + 8853*a + 653. Give z(34).
-61
Let n(a) = -a**2 + 5064*a - 921382. Determine n(189).
-7
Let z(u) = -29*u**2 + 235*u + 301. Give z(11).
-623
Let t(r) = -675*r + 123834. Calculate t(183).
309
Let f(q) = 423*q + 396. Give f(1).
819
Let c(g) = -27*g + 303. Calculate c(11).
6
Let m(n) = 2*n**2 - 188*n - 5048. What is m(114)?
-488
Let a(v) = 3095*v - 560183. Give a(181).
12
Let o(b) = 15*b**2 - 950*b + 885. Give o(63).
570
Let m(n) = 2686*n - 8290. Give m(3).
-232
Let w(i) = 3183*i - 385222. Give w(121).
-79
Let t(v) = -37661*v - 14499449. Determine t(-385).
36
Let q(s) = 1308*s + 13984. Determine q(-15).
-5636
Let i(v) = v**3 - 7*v**2 + 8759*v - 61299. Give i(7).
14
Let u(v) = v**3 + 7*v**2 + 37*v + 87. Calculate u(-5).
-48
Let b(k) = -18379*k + 73754. Calculate b(4).
238
Let p(v) = v**3 + 48*v**2 + 126*v - 4027. What is p(-42)?
1265
Let g(s) = s**3 - 43*s**2 - 1686*s + 2806. What is g(-26)?
-2
Let g(d) = -9*d**3 - 7070*d**2 - 3973*d - 37687. Give g(-785).
-7
Let k(u) = -u**2 - 2272*u - 210972. Calculate k(-97).
3
Let g(l) = -l**3 + 12*l**2 + 60482*l + 459. Determine g(-240).
-21
Let o(a) = 141*a - 2300. Give o(-12).
-3992
Let g(b) = -b**2 + 207570*b - 6018688. Determine g(29).
1
Let v(o) = 31279*o + 1094756. Determine v(-35).
-9
Let y(o) = o**2 + 2570*o - 899172. Determine y(312).
12
Let j(f) = 11*f + 478. What is j(-77)?
-369
Let o(a) = 2*a**2 + 2564*a - 998595. Give o(313).
-125
Let l(m) = 109*m**2 + 17338*m + 1120. Determine l(-159).
7
Let g(v) = -9*v**3 - 190*v**2 - 40*v + 5. Give g(-21).
404
Let t(d) = 5*d**3 - 4*d**2 - 26*d + 135. What is t(7)?
1472
Let j(t) = 2*t**2 + 404*t + 4748. Calculate j(-12).
188
Let x(g) = 43617*g - 174022. Give x(4).
446
Let l(m) = 559*m - 1544. Determine l(6).
1810
Let g(y) = 12*y**2 - 351. Give g(0).
-351
Let a(s) = 262*s**2 + 72*s - 75. What is a(1)?
259
Let a(f) = 34*f**2 + 1934*f - 414. Determine a(-57).
-186
Let d(i) = -635*i - 317. Give d(-3).
1588
Let x(u) = u**3 - 18*u**2 + 39*u - 50. Determine x(15).
-140
Let l(t) = -44*t**3 + 117*t + 119. Give l(-1).
46
Let b(m) = -293*m + 53557. Determine b(183).
-62
Let f(h) = 507930*h - 2539644. Calculate f(5).
6
Let c(x) = -x**2 + 1150*x - 11402. Determine c(1140).
-2
Let p(z) = 39*z**2 - 8220*z - 1908. Give p(211).
-9
Let d(b) = -11611*b - 1706842. Determine d(-147).
-25
Let d(w) = 3022*w - 407879. Calculate d(135).
91
Let g(h) = 342*h + 7273. What is g(-21)?
91
Let i(h) = 13491*h + 458696. Give i(-34).
2
Let m(i) = -8408*i + 184833. Calculate m(22).
-143
Let f(u) = u**3 - u**2 + 4274*u + 8579. Determine f(-2).
19
Let h(p) = 13450*p - 121039. Give h(9).
11
Let r(m) = 3*m**3 + 82*m**2 + 146*m + 3289. Determine r(-27).
76
Let s(g) = g**2 + 519979*g + 1559933. Calculate s(-3).
5
Let a(c) = -c**3 + 65*c**2 - 144*c + 8404. Determine a(64).
3284
Let p(n) = 7*n**3 + 4493*n**2 - 36396*n + 31. Give p(8).
-1
Let f(k) = -1181*k + 38977. Give f(33).
4
Let u(s) = 474*s**2 + 18962*s + 67. What is u(-40)?
-13
Let n(t) = 19281*t + 1195486. What is n(-62)?
64
Let x(c) = 339147*c - 4069768. Determine x(12).
-4
Let s(t) = -177*t + 1517. Give s(4).
809
Let x(v) = 1125486*v - 7878413. Give x(7).
-11
Let h(b) = -64489*b - 193434. Determine h(-3).
33
Let m(c) = c**3 - 42*c**2 - 794*c + 19743. What is m(50)?
43
Let d(h) = -2*h**2 - 800*h - 12154. Give d(-14)